me factors of k?
3, 5
Suppose 14*z + 154 = 16*z. What are the prime factors of z?
7, 11
Suppose -x - 54 = 2*x. Let f be ((-2)/(-6))/((-2)/x). List the prime factors of f*(-2)/(-3) + 0.
2
Let v = 9 - 5. Suppose -140 = -8*m + v*m. What are the prime factors of m?
5, 7
Suppose 0 = -3*c - 2*c + 75. List the prime factors of c.
3, 5
Suppose -m = -8 + 4. Let i be (m/(-6))/(8/(-12)). Let o(x) = x + 1. List the prime factors of o(i).
2
Let r(y) = 6*y**2 + 5*y + 2. What are the prime factors of r(-3)?
41
Let z = -11 - -10. List the prime factors of ((-1)/z)/(5/40).
2
Suppose 0 = 3*z + 2*z - 125. What are the prime factors of z?
5
Suppose -4*b + 145 = 5. List the prime factors of b.
5, 7
Suppose 158 = -88*b + 90*b. What are the prime factors of b?
79
Let c be 56/(-6) + 2/6. What are the prime factors of (c/6 - -2)*22?
11
Suppose 2*n + 26 - 82 = 0. List the prime factors of n.
2, 7
Suppose -h - 140 = -8*h. List the prime factors of h.
2, 5
What are the prime factors of (-10)/(-3 - 2*4/(-3))?
2, 3, 5
Let c = -285 + 410. List the prime factors of c.
5
Let z be 0/(-1) + 0 + 1. Let j(s) = 4*s**3 - 2*s**2 + s. Let t be j(z). Suppose -v + 0*v - 34 = -3*u, 3*u + t*v = 54. List the prime factors of u.
13
Suppose -3*o = -4*y + 14, o + 6 = y + y. Let z(x) = 6 - 5 - 4 + y + 2*x. List the prime factors of z(2).
3
Suppose 2*n - 3*s = -2*n + 55, 0 = -3*n - 5*s + 63. What are the prime factors of n?
2
Suppose -140 = -3*w + 184. List the prime factors of w.
2, 3
Let x = 8 + 8. Suppose 0 = 4*m - 4 - x. List the prime factors of m.
5
Let s = 4 - 0. Let k = -9 + 12. Suppose k*v + 11 = s*v. List the prime factors of v.
11
Let b(o) = 3*o - 6. Let h(s) = -s**3 - 2*s**2 - s + 2. Let c be h(-2). Let j be b(c). Let p = j + 6. List the prime factors of p.
2, 3
Let c(n) = -4*n. Let v be c(-1). Suppose 3*y = j + 40, 0 = v*y + y - j - 64. What are the prime factors of y?
2, 3
Let a(f) = 0*f**2 + f**3 + 3*f**2 + 2*f**2 + 1. Let p be a(-5). Suppose -2*b + 0*b + s + 23 = 0, -2*s - p = b. List the prime factors of b.
3
Let s be (2 - 0)*(1 - -3). Let o(g) = g**3 - 9*g**2 + 12*g - 3. List the prime factors of o(s).
29
Let x(c) = c + 3. Let i(l) = l + 3. Let h(f) = 5*i(f) - 6*x(f). Let j be h(-7). What are the prime factors of j/10 + (-53)/(-5)?
11
Let c(b) = -b. Let j(z) = -8*z - 1. Let l(x) = -6*c(x) + j(x). What are the prime factors of l(-7)?
13
Let r(i) = -7*i. List the prime factors of r(-1).
7
Let i(a) = -a**3 + 6*a**2 + 2*a - 1. What are the prime factors of i(6)?
11
What are the prime factors of (-5192)/(-55) - 6/(-10)?
5, 19
Let u = 7 - 9. Let p = u - -5. List the prime factors of p.
3
Let l = -39 - -69. What are the prime factors of l?
2, 3, 5
Suppose 0 = 8*j - 3*j - 20. Suppose -7*m + 3*m - 41 = -z, -4*z + 32 = -j*m. Let s = -4 - m. List the prime factors of s.
7
Let i(s) = 5*s**2 + s + 1. Let y be i(-2). Let x(h) = h**3 - h**2 - 11. Let k be x(0). Let g = k + y. List the prime factors of g.
2
Let n(b) = -95*b + 1. Let g be n(1). Let r be (g*1)/2 + -1. What are the prime factors of -3 - r/(2 - 0)?
3, 7
Let f = 41 - 48. Let i be (1/2)/((-1)/(-70)). What are the prime factors of ((-60)/i)/(2/f)?
2, 3
Suppose 4*a = 5*a + 3*r, -5*r = -3*a + 70. What are the prime factors of a?
3, 5
Let f = -14 + 6. What are the prime factors of (-50)/f + 3/(-12)?
2, 3
Suppose 0 = -6*h - 5*h + 1232. List the prime factors of h.
2, 7
Suppose -a = 2*o - 129, -3*o - 2*a + 7*a + 187 = 0. List the prime factors of o.
2
Let w = -1 - 3. Let s = -2 - w. List the prime factors of s/4*0 - -12.
2, 3
Suppose 7*x = -16 + 2. Suppose 0 = -0*b + 4*b - u - 16, -3*u + 22 = 2*b. What are the prime factors of 9/b - x/10?
2
Let x be (2/1)/(2 - 1). Suppose 3*a - 3*b - 54 = 0, -2*b + 9 = x*a - 23. What are the prime factors of a?
17
Let x = -8 - -9. What are the prime factors of (37/4)/(x/4)?
37
Let o = -4 + 6. Suppose o*g - 11 - 49 = 0. What are the prime factors of g?
2, 3, 5
Let r = 85 + -47. What are the prime factors of r?
2, 19
Suppose -4*i + 16 - 4 = 0. Suppose -7*o = 3*y - 5*o - 9, -y - 5*o + i = 0. Suppose 0*l - 9 = -y*l. What are the prime factors of l?
3
Let l(o) = o**3 + 5*o**2 + 4*o + 1. Let f be l(-4). Let s be 2/(-17) + (-350)/(-85). Suppose -f = b - s. List the prime factors of b.
3
Suppose m - 165 + 14 = -4*z, -5*m = -3*z + 142. What are the prime factors of z?
3, 13
Let h(o) = o**2 + 6*o + 8. Let r(v) = -5*v**2 - 1. Let i be r(-1). Let t be h(i). Suppose -20 = -3*u - t. List the prime factors of u.
2
Let d(b) = -b**2 + b - 1. Let y(g) = -5*g**2 + 6*g - 4. Let l(c) = 4*d(c) - y(c). Let n be l(2). Suppose n = 7*i - 2*i - 10. What are the prime factors of i?
2
Suppose g + 0*g = 76. List the prime factors of g.
2, 19
Let k = -6 - -61. List the prime factors of k.
5, 11
Let y be 15 + -12 + 8/(-2). List the prime factors of (y/2 - -1)*18.
3
Let y(u) = u**3 - 7*u**2 + 8*u - 5. Let n be y(5). Suppose -2*p = -2 - 0. List the prime factors of (n/20)/(p/(-4)).
3
Let l = 7 - 4. Let b = 0 + l. Suppose 2*i - 4 = 2*q, -b*i + 4*q + 7 - 1 = 0. What are the prime factors of i?
2
What are the prime factors of (-3)/1*152/(-12)?
2, 19
What are the prime factors of (-14982)/(-110) - (-2)/(-10)?
2, 17
Suppose 0*j = -j + 4, -2*q + 6 = -5*j. Suppose -2*n - 7 - q = 0. List the prime factors of (-5)/(n/12) - 1.
5
Let m be (-26)/(-10) - (-36)/90. List the prime factors of (-28)/(-6)*m/1.
2, 7
Let o(w) = 3*w - 9. List the prime factors of o(12).
3
Let d(j) = j**2 - 12*j + 6. Let p(h) = -h**2 + 13*h - 7. Let f(a) = -6*d(a) - 5*p(a). List the prime factors of f(5).
3
Let o = -8 + 5. Let g = 14 + o. Suppose 0 = -t + 2*t - g. What are the prime factors of t?
11
Suppose 0 = 2*q - q - 58. What are the prime factors of q?
2, 29
Suppose 4*f + 208 = 6*f. What are the prime factors of f?
2, 13
Suppose -4*p + 227 = -77. What are the prime factors of p?
2, 19
Let n(j) = 6*j**3 - 2*j**2 - 2*j + 3. What are the prime factors of n(2)?
3, 13
Let n = -5 + 7. Let k(g) = -3*g**2 + 2*g. Let q be k(n). List the prime factors of (-76)/q - 1/(-2).
2, 5
Let p(u) = -u**2 + 11*u. Let g = 36 + -26. What are the prime factors of p(g)?
2, 5
Let x be (7/(-14))/((-2)/(-4)). Let u(r) = 6*r**2 + r + 1. Let t be u(x). What are the prime factors of (-1 - (-1 - 0)) + t?
2, 3
Let r(h) = 2*h**3 - 16*h**2 + 5*h + 5. List the prime factors of r(9).
2, 53
Let c(q) = -10*q**2 + 4*q - 4. Let b be c(3). Let z = b + 123. List the prime factors of z.
41
Let w = -4 - -5. Let k be w/(-3 + 14/4). Suppose 18 = 3*r + 3*s, r - k*s = s + 18. List the prime factors of r.
3
Let i(f) = -3 - 2 + 9*f - 1. What are the prime factors of i(3)?
3, 7
Let i be (-1)/(1 + (-24)/21). Let s be 4/(-14) - (-177)/i. Let o = -13 + s. What are the prime factors of o?
2, 3
Let b = -50 - -376. What are the prime factors of b?
2, 163
Let w = -5 + 8. Suppose -5*b - w = -13. What are the prime factors of b/7 + (-54)/(-7)?
2
Let c(z) = 2*z - 1. Let g(q) = q**3 - q**2 + q - 2. Suppose 0 = 4*p + p - 10. Let w be g(p). What are the prime factors of c(w)?
7
List the prime factors of (-5395)/(-39) + 4/6.
139
Suppose -4*d + 5*u = -387, 5*d + 2*u - 303 = 189. List the prime factors of d.
2, 7
Suppose 0 = 2*y - 1 - 3. Suppose -i = o - 8, 3*o + 80 = 3*i + y*i. List the prime factors of i.
13
Let q(x) = -x**2 - 7*x - 6. Let j be q(-5). Let s be 2*1*10/j. Suppose o + 2 = s. What are the prime factors of o?
3
Suppose 5*o - 2*t - 190 = 0, 2*o + 0*o = 4*t + 76. List the prime factors of o.
2, 19
Let p be (18/(-8))/(12/(-32)). Let l = p - 6. Suppose 5*r - 35 = -l*r. List the prime factors of r.
7
What are the prime factors of (30/(-4))/((-23)/46)?
3, 5
Suppose 27*a + 80 = 29*a. What are the prime factors of a?
2, 5
Suppose -2*t - 6 = y, 5*t = y - 7 - 1. List the prime factors of 142/9 - y/9.
2
Let o be -1 + 51 + -4 + 2. Let a = o - 25. What are the prime factors of a?
23
Suppose -4*n - n = 0. Let f(w) = -w + 2. List the prime factors of f(n).
2
Let k = -494 - -807. What are the prime factors of k?
313
Suppose -5*p + 4*i + 14 = 0, -1 = 2*p + 5*i - 0. Suppose -1 = -p*f + 23. What are the prime factors of f?
2, 3
Suppose -2 - 18 = -4*w. Let d(q) = q - 5. Let j be d(w). Suppose -11 = -f - j*f. List the prime factors of f.
11
Suppose 5*b + 5*j = -20, 0 = 2*j + 2*j + 16. Suppose b = -3*h + 71 - 11. What are the prime factors 